{"id":71,"date":"2025-04-07T22:13:39","date_gmt":"2025-04-07T20:13:39","guid":{"rendered":"https:\/\/pot-en-ciel.eu\/?page_id=71"},"modified":"2025-04-16T21:11:50","modified_gmt":"2025-04-16T19:11:50","slug":"ateliers-creatifs-et-bien-etre","status":"publish","type":"page","link":"https:\/\/pot-en-ciel.eu\/index.php\/nos-services\/ateliers-creatifs-et-bien-etre\/","title":{"rendered":"Ateliers cr\u00e9atifs et bien-\u00eatre"},"content":{"rendered":"\n<p><div style=\"display: flex; flex-wrap: wrap; align-items: center; justify-content: center; padding: 40px; background-color: #fff;\">\n  <!-- Colonne image -->\n  <div style=\"flex: 1 1 500px; max-width: 700px; padding: 20px;\">\n    <img decoding=\"async\" src=\"https:\/\/pot-en-ciel.eu\/wp-content\/uploads\/2025\/04\/Atelierscreatifs.jpeg\" alt=\"Atelier cr\u00e9atif et bien-\u00eatre\" style=\"width: 100%; height: auto; border-radius: 10px; box-shadow: 0 4px 15px rgba(0,0,0,0.1);\">\n  <\/div>\n\n  <!-- Colonne texte -->\n  <div style=\"flex: 1 1 400px; max-width: 600px; background-color: #e6d9fa; padding: 30px; border-radius: 12px; box-shadow: 0 4px 15px rgba(0,0,0,0.1);\">\n    <p style=\"font-size: 18px; line-height: 1.6; color: #333; margin: 0;\">\n      Nos ateliers ludiques utilisent la cr\u00e9ativit\u00e9 pour d\u00e9velopper l&rsquo;intelligence \u00e9motionnelle, la confiance en soi, la coh\u00e9sion d&rsquo;\u00e9quipe et r\u00e9duire le stress.\n    <\/p>\n  <\/div>\n<\/div><\/p>\n","protected":false},"excerpt":{"rendered":"<p>Nos ateliers ludiques utilisent la cr\u00e9ativit\u00e9 pour d\u00e9velopper l&rsquo;intelligence \u00e9motionnelle, la confiance en soi, la coh\u00e9sion d&rsquo;\u00e9quipe et r\u00e9duire le stress.<\/p>\n","protected":false},"author":3,"featured_media":0,"parent":64,"menu_order":0,"comment_status":"closed","ping_status":"closed","template":"","meta":{"_themeisle_gutenberg_block_has_review":false,"footnotes":""},"class_list":["post-71","page","type-page","status-publish","hentry"],"yoast_head":"<!-- This site is optimized with the Yoast SEO plugin v26.3 - https:\/\/yoast.com\/wordpress\/plugins\/seo\/ -->\n<title>Ateliers cr\u00e9atifs et bien-\u00eatre -<\/title>\n<meta name=\"robots\" content=\"index, follow, max-snippet:-1, max-image-preview:large, max-video-preview:-1\" \/>\n<link rel=\"canonical\" href=\"https:\/\/pot-en-ciel.eu\/index.php\/nos-services\/ateliers-creatifs-et-bien-etre\/\" \/>\n<meta property=\"og:locale\" content=\"fr_FR\" \/>\n<meta property=\"og:type\" content=\"article\" \/>\n<meta property=\"og:title\" content=\"Ateliers cr\u00e9atifs et bien-\u00eatre -\" \/>\n<meta property=\"og:description\" content=\"Nos ateliers ludiques utilisent la cr\u00e9ativit\u00e9 pour d\u00e9velopper l&rsquo;intelligence \u00e9motionnelle, la confiance en soi, la coh\u00e9sion d&rsquo;\u00e9quipe et r\u00e9duire le stress.\" \/>\n<meta property=\"og:url\" content=\"https:\/\/pot-en-ciel.eu\/index.php\/nos-services\/ateliers-creatifs-et-bien-etre\/\" \/>\n<meta property=\"article:publisher\" content=\"https:\/\/www.facebook.com\/pot.enciel.338#\" \/>\n<meta property=\"article:modified_time\" content=\"2025-04-16T19:11:50+00:00\" \/>\n<meta property=\"og:image\" content=\"https:\/\/pot-en-ciel.eu\/wp-content\/uploads\/2025\/04\/Atelierscreatifs.jpeg\" \/>\n<meta name=\"twitter:card\" content=\"summary_large_image\" \/>\n<script type=\"application\/ld+json\" class=\"yoast-schema-graph\">{\"@context\":\"https:\/\/schema.org\",\"@graph\":[{\"@type\":\"WebPage\",\"@id\":\"https:\/\/pot-en-ciel.eu\/index.php\/nos-services\/ateliers-creatifs-et-bien-etre\/\",\"url\":\"https:\/\/pot-en-ciel.eu\/index.php\/nos-services\/ateliers-creatifs-et-bien-etre\/\",\"name\":\"Ateliers cr\u00e9atifs et bien-\u00eatre -\",\"isPartOf\":{\"@id\":\"https:\/\/pot-en-ciel.eu\/#website\"},\"primaryImageOfPage\":{\"@id\":\"https:\/\/pot-en-ciel.eu\/index.php\/nos-services\/ateliers-creatifs-et-bien-etre\/#primaryimage\"},\"image\":{\"@id\":\"https:\/\/pot-en-ciel.eu\/index.php\/nos-services\/ateliers-creatifs-et-bien-etre\/#primaryimage\"},\"thumbnailUrl\":\"https:\/\/pot-en-ciel.eu\/wp-content\/uploads\/2025\/04\/Atelierscreatifs.jpeg\",\"datePublished\":\"2025-04-07T20:13:39+00:00\",\"dateModified\":\"2025-04-16T19:11:50+00:00\",\"breadcrumb\":{\"@id\":\"https:\/\/pot-en-ciel.eu\/index.php\/nos-services\/ateliers-creatifs-et-bien-etre\/#breadcrumb\"},\"inLanguage\":\"fr-FR\",\"potentialAction\":[{\"@type\":\"ReadAction\",\"target\":[\"https:\/\/pot-en-ciel.eu\/index.php\/nos-services\/ateliers-creatifs-et-bien-etre\/\"]}]},{\"@type\":\"ImageObject\",\"inLanguage\":\"fr-FR\",\"@id\":\"https:\/\/pot-en-ciel.eu\/index.php\/nos-services\/ateliers-creatifs-et-bien-etre\/#primaryimage\",\"url\":\"https:\/\/pot-en-ciel.eu\/wp-content\/uploads\/2025\/04\/Atelierscreatifs.jpeg\",\"contentUrl\":\"https:\/\/pot-en-ciel.eu\/wp-content\/uploads\/2025\/04\/Atelierscreatifs.jpeg\",\"width\":1024,\"height\":1024},{\"@type\":\"BreadcrumbList\",\"@id\":\"https:\/\/pot-en-ciel.eu\/index.php\/nos-services\/ateliers-creatifs-et-bien-etre\/#breadcrumb\",\"itemListElement\":[{\"@type\":\"ListItem\",\"position\":1,\"name\":\"Accueil\",\"item\":\"https:\/\/pot-en-ciel.eu\/\"},{\"@type\":\"ListItem\",\"position\":2,\"name\":\"SERVICES\",\"item\":\"https:\/\/pot-en-ciel.eu\/index.php\/nos-services\/\"},{\"@type\":\"ListItem\",\"position\":3,\"name\":\"Ateliers cr\u00e9atifs et bien-\u00eatre\"}]},{\"@type\":\"WebSite\",\"@id\":\"https:\/\/pot-en-ciel.eu\/#website\",\"url\":\"https:\/\/pot-en-ciel.eu\/\",\"name\":\"Pot-en-ciel\",\"description\":\"Lib\u00e9rez Votre Potentiel\",\"publisher\":{\"@id\":\"https:\/\/pot-en-ciel.eu\/#organization\"},\"potentialAction\":[{\"@type\":\"SearchAction\",\"target\":{\"@type\":\"EntryPoint\",\"urlTemplate\":\"https:\/\/pot-en-ciel.eu\/?s={search_term_string}\"},\"query-input\":{\"@type\":\"PropertyValueSpecification\",\"valueRequired\":true,\"valueName\":\"search_term_string\"}}],\"inLanguage\":\"fr-FR\"},{\"@type\":\"Organization\",\"@id\":\"https:\/\/pot-en-ciel.eu\/#organization\",\"name\":\"Pot-en-ciel\",\"url\":\"https:\/\/pot-en-ciel.eu\/\",\"logo\":{\"@type\":\"ImageObject\",\"inLanguage\":\"fr-FR\",\"@id\":\"https:\/\/pot-en-ciel.eu\/#\/schema\/logo\/image\/\",\"url\":\"https:\/\/pot-en-ciel.eu\/wp-content\/uploads\/2025\/04\/cropped-cropped-Potenciel1_2_3_4.jpeg\",\"contentUrl\":\"https:\/\/pot-en-ciel.eu\/wp-content\/uploads\/2025\/04\/cropped-cropped-Potenciel1_2_3_4.jpeg\",\"width\":240,\"height\":115,\"caption\":\"Pot-en-ciel\"},\"image\":{\"@id\":\"https:\/\/pot-en-ciel.eu\/#\/schema\/logo\/image\/\"},\"sameAs\":[\"https:\/\/www.facebook.com\/pot.enciel.338#\",\"https:\/\/www.linkedin.com\/company\/pot-en-ciel-association\/\"]}]}<\/script>\n<!-- \/ Yoast SEO plugin. -->","yoast_head_json":{"title":"Ateliers cr\u00e9atifs et bien-\u00eatre -","robots":{"index":"index","follow":"follow","max-snippet":"max-snippet:-1","max-image-preview":"max-image-preview:large","max-video-preview":"max-video-preview:-1"},"canonical":"https:\/\/pot-en-ciel.eu\/index.php\/nos-services\/ateliers-creatifs-et-bien-etre\/","og_locale":"fr_FR","og_type":"article","og_title":"Ateliers cr\u00e9atifs et bien-\u00eatre -","og_description":"Nos ateliers ludiques utilisent la cr\u00e9ativit\u00e9 pour d\u00e9velopper l&rsquo;intelligence \u00e9motionnelle, la confiance en soi, la coh\u00e9sion d&rsquo;\u00e9quipe et r\u00e9duire le stress.","og_url":"https:\/\/pot-en-ciel.eu\/index.php\/nos-services\/ateliers-creatifs-et-bien-etre\/","article_publisher":"https:\/\/www.facebook.com\/pot.enciel.338#","article_modified_time":"2025-04-16T19:11:50+00:00","og_image":[{"url":"https:\/\/pot-en-ciel.eu\/wp-content\/uploads\/2025\/04\/Atelierscreatifs.jpeg","type":"","width":"","height":""}],"twitter_card":"summary_large_image","schema":{"@context":"https:\/\/schema.org","@graph":[{"@type":"WebPage","@id":"https:\/\/pot-en-ciel.eu\/index.php\/nos-services\/ateliers-creatifs-et-bien-etre\/","url":"https:\/\/pot-en-ciel.eu\/index.php\/nos-services\/ateliers-creatifs-et-bien-etre\/","name":"Ateliers cr\u00e9atifs et bien-\u00eatre -","isPartOf":{"@id":"https:\/\/pot-en-ciel.eu\/#website"},"primaryImageOfPage":{"@id":"https:\/\/pot-en-ciel.eu\/index.php\/nos-services\/ateliers-creatifs-et-bien-etre\/#primaryimage"},"image":{"@id":"https:\/\/pot-en-ciel.eu\/index.php\/nos-services\/ateliers-creatifs-et-bien-etre\/#primaryimage"},"thumbnailUrl":"https:\/\/pot-en-ciel.eu\/wp-content\/uploads\/2025\/04\/Atelierscreatifs.jpeg","datePublished":"2025-04-07T20:13:39+00:00","dateModified":"2025-04-16T19:11:50+00:00","breadcrumb":{"@id":"https:\/\/pot-en-ciel.eu\/index.php\/nos-services\/ateliers-creatifs-et-bien-etre\/#breadcrumb"},"inLanguage":"fr-FR","potentialAction":[{"@type":"ReadAction","target":["https:\/\/pot-en-ciel.eu\/index.php\/nos-services\/ateliers-creatifs-et-bien-etre\/"]}]},{"@type":"ImageObject","inLanguage":"fr-FR","@id":"https:\/\/pot-en-ciel.eu\/index.php\/nos-services\/ateliers-creatifs-et-bien-etre\/#primaryimage","url":"https:\/\/pot-en-ciel.eu\/wp-content\/uploads\/2025\/04\/Atelierscreatifs.jpeg","contentUrl":"https:\/\/pot-en-ciel.eu\/wp-content\/uploads\/2025\/04\/Atelierscreatifs.jpeg","width":1024,"height":1024},{"@type":"BreadcrumbList","@id":"https:\/\/pot-en-ciel.eu\/index.php\/nos-services\/ateliers-creatifs-et-bien-etre\/#breadcrumb","itemListElement":[{"@type":"ListItem","position":1,"name":"Accueil","item":"https:\/\/pot-en-ciel.eu\/"},{"@type":"ListItem","position":2,"name":"SERVICES","item":"https:\/\/pot-en-ciel.eu\/index.php\/nos-services\/"},{"@type":"ListItem","position":3,"name":"Ateliers cr\u00e9atifs et bien-\u00eatre"}]},{"@type":"WebSite","@id":"https:\/\/pot-en-ciel.eu\/#website","url":"https:\/\/pot-en-ciel.eu\/","name":"Pot-en-ciel","description":"Lib\u00e9rez Votre Potentiel","publisher":{"@id":"https:\/\/pot-en-ciel.eu\/#organization"},"potentialAction":[{"@type":"SearchAction","target":{"@type":"EntryPoint","urlTemplate":"https:\/\/pot-en-ciel.eu\/?s={search_term_string}"},"query-input":{"@type":"PropertyValueSpecification","valueRequired":true,"valueName":"search_term_string"}}],"inLanguage":"fr-FR"},{"@type":"Organization","@id":"https:\/\/pot-en-ciel.eu\/#organization","name":"Pot-en-ciel","url":"https:\/\/pot-en-ciel.eu\/","logo":{"@type":"ImageObject","inLanguage":"fr-FR","@id":"https:\/\/pot-en-ciel.eu\/#\/schema\/logo\/image\/","url":"https:\/\/pot-en-ciel.eu\/wp-content\/uploads\/2025\/04\/cropped-cropped-Potenciel1_2_3_4.jpeg","contentUrl":"https:\/\/pot-en-ciel.eu\/wp-content\/uploads\/2025\/04\/cropped-cropped-Potenciel1_2_3_4.jpeg","width":240,"height":115,"caption":"Pot-en-ciel"},"image":{"@id":"https:\/\/pot-en-ciel.eu\/#\/schema\/logo\/image\/"},"sameAs":["https:\/\/www.facebook.com\/pot.enciel.338#","https:\/\/www.linkedin.com\/company\/pot-en-ciel-association\/"]}]}},"_links":{"self":[{"href":"https:\/\/pot-en-ciel.eu\/index.php\/wp-json\/wp\/v2\/pages\/71","targetHints":{"allow":["GET"]}}],"collection":[{"href":"https:\/\/pot-en-ciel.eu\/index.php\/wp-json\/wp\/v2\/pages"}],"about":[{"href":"https:\/\/pot-en-ciel.eu\/index.php\/wp-json\/wp\/v2\/types\/page"}],"author":[{"embeddable":true,"href":"https:\/\/pot-en-ciel.eu\/index.php\/wp-json\/wp\/v2\/users\/3"}],"replies":[{"embeddable":true,"href":"https:\/\/pot-en-ciel.eu\/index.php\/wp-json\/wp\/v2\/comments?post=71"}],"version-history":[{"count":4,"href":"https:\/\/pot-en-ciel.eu\/index.php\/wp-json\/wp\/v2\/pages\/71\/revisions"}],"predecessor-version":[{"id":306,"href":"https:\/\/pot-en-ciel.eu\/index.php\/wp-json\/wp\/v2\/pages\/71\/revisions\/306"}],"up":[{"embeddable":true,"href":"https:\/\/pot-en-ciel.eu\/index.php\/wp-json\/wp\/v2\/pages\/64"}],"wp:attachment":[{"href":"https:\/\/pot-en-ciel.eu\/index.php\/wp-json\/wp\/v2\/media?parent=71"}],"curies":[{"name":"wp","href":"https:\/\/api.w.org\/{rel}","templated":true}]}}